he prime factors of r?
2, 3
Let o = -8 - -19. Let y(t) = -6*t + 12*t + 10*t**2 + 6 - o*t**2 + 15*t. List the prime factors of y(17).
2, 37
Let f(m) = -2*m**3 - 5*m**2 - 8*m - 19. What are the prime factors of f(-10)?
7, 223
Let l = 29 + 18. Suppose 4*x - l = 57. Suppose 14 = 5*w - x. List the prime factors of w.
2
Let m = 2088 - 1227. What are the prime factors of m?
3, 7, 41
Suppose 0 = 156*m - 160*m + 992. List the prime factors of m.
2, 31
Suppose -563 - 301 = -4*o. What are the prime factors of o?
2, 3
List the prime factors of (-3)/(530/(-525) - -1).
3, 5, 7
Suppose 74*y = 18*y + 34608. List the prime factors of y.
2, 3, 103
Suppose -o = -2*z, 2*z - o - 16 = 4*o. Let w be (12/9)/(z/24). List the prime factors of w/(-7) + 8/(-28).
2
Let f = 955 + 1076. What are the prime factors of f?
3, 677
Let w(c) = 27*c**2. Suppose 3*a + 1 = n + 12, -4*a + 6 = 3*n. Let i be (3 - 3 - a) + 2. What are the prime factors of w(i)?
3
Suppose 0 = -3*g + 9*o - 12*o, 3*g = -5*o - 10. Let v(z) = z - 2. Let u be v(5). Suppose -3*f + u*j + 10 = 1, 45 = 5*f + g*j. What are the prime factors of f?
2, 3
Suppose -5*q + 5*o = -2*q + 32, 4 = 4*q + 5*o. What are the prime factors of q/14 + 576/7?
2, 41
What are the prime factors of -3 + 205760/55 - 12/132?
2, 3, 7, 89
Suppose -13 = 4*k - h - 37, k = -4*h - 11. Suppose 5*z = -75 + k. What are the prime factors of (z/(-6))/(11/99)?
3, 7
Let z(x) = 9*x**2 - 19*x - 20. What are the prime factors of z(-9)?
2, 5, 11
Suppose -5*r + 4378 = 17*r. What are the prime factors of r?
199
Let n = 4 + -12. Let k(a) = a + 10. Let c be k(n). Suppose -c*b - 5*z = -90, -5*b - 4*z = -56 - 152. List the prime factors of b.
2, 5
Let p(l) = 1054*l + 51. List the prime factors of p(1).
5, 13, 17
Suppose 424 + 278 = 6*i. Suppose 0*o + 5*o = 4*r + 304, -248 = -4*o + 2*r. Let q = i - o. List the prime factors of q.
53
Let l(h) = -h - 3. Let t be l(0). What are the prime factors of (t - 0) + -34*(-1)/2?
2, 7
Let y be 9*3/9 + -31. Let t = -3 - y. List the prime factors of t.
5
Let t = -123 + 126. Suppose 394 = 4*b - 2*y, 0 = 5*b - t*y + 7*y - 525. What are the prime factors of b?
101
Let f be ((-6)/(-4))/(30/40). Let n(k) = -6 + f*k + 1 + 2*k - 17. List the prime factors of n(9).
2, 7
Suppose 91*i = 107*i - 4016. What are the prime factors of i?
251
Let k = -7 + 10. Suppose p - k = 0, 0*c - p = -c + 37. What are the prime factors of c?
2, 5
Let w(g) = -18*g + 3. Let u be w(-1). Suppose 4*k = 2*t - 332, -4*k - 1 + u = 0. What are the prime factors of t?
2, 11
What are the prime factors of (915/(-10))/(3/(-68 - -2))?
3, 11, 61
Let j(n) = n**3 + 11*n**2 - 14*n + 4. Let o(t) = -t**2 + 3*t - 2. Suppose -3 = 4*d - 23. Let c be o(d). What are the prime factors of j(c)?
2, 7
Suppose -4*l = -4*q + 276, 3*q = -4*l + 73 - 363. What are the prime factors of (0 - l) + (-1 - 3)?
67
Let d(n) = n**3 + 10*n**2 - 10*n + 9. What are the prime factors of d(-6)?
3, 71
Let w = 72 - 73. List the prime factors of 3*w/(1/(-37)).
3, 37
Let m = -42 - -71. Suppose -5*b = -m - 1. Suppose -b*w + 4*w = -54. What are the prime factors of w?
3
Let s = -6 + 8. Suppose -c = -3*i - 4, 3*c + s*i = 1 - 0. List the prime factors of (c/(-3))/((-2)/162).
3
Let x(b) = -b**2 + 7*b - 1. Let m be 7 + 4 + -7 + 2. Let w be x(m). Suppose 0 - 13 = -4*l + 5*t, -1 = -3*l - w*t. What are the prime factors of l?
2
Let s(v) = -2*v**3 + 7*v**2 - 3*v + 3. Let x be s(3). Suppose 0 = -f - 4*w + w + 47, -x = -w. What are the prime factors of f?
2, 19
Let f(s) = 41*s**2 - 20*s - 79. List the prime factors of f(-9).
2, 29, 59
Let o = 26 + -22. Suppose o*j - 3*x - 165 = -j, -j - 4*x = -10. List the prime factors of j.
2, 3, 5
Let p = 8 - 3. Suppose -l + p*l = 16. Suppose -l*w + 36 = -12. List the prime factors of w.
2, 3
Suppose 0 = 3*n - 34 - 41. List the prime factors of n.
5
Let p = 1536 + -1101. List the prime factors of p.
3, 5, 29
Suppose 16424 = 23*h - 22469. What are the prime factors of h?
19, 89
Suppose -5*j = -2*y - 1758, 0 = -j - y - 2*y + 355. List the prime factors of j.
2, 11
Suppose -63*q = -55*q - 42192. What are the prime factors of q?
2, 3, 293
Let d(q) = q**2 - q - 4. Let w(a) = -a**2 + a + 6. Let o(v) = 3*d(v) + 2*w(v). Let c = 6 - 2. What are the prime factors of o(c)?
2, 3
Let u be (6/(-4))/((-9)/24). Suppose 3*t + 3*z = -9, 5*t - 2*z = 24 - u. List the prime factors of t.
2
Let w be 5*(-1 + 1195/(-25)). Let m = w + 539. What are the prime factors of m?
5, 59
Let s(h) = 27*h**2 + 3*h - 2. Let c be s(-3). Let x = -166 - -178. What are the prime factors of (c/x)/((-5)/(-15))?
2, 29
Let b = 44 - 47. What are the prime factors of (b - 1) + 114 + -2?
2, 3
Let q = -1069 - -5668. List the prime factors of q.
3, 7, 73
Suppose k = -5*y + 42, -4*k + y + 213 = 6*y. Suppose -j - 131 = -3*c + k, -132 = -2*c - j. What are the prime factors of c?
2
Let q(d) = -d**3 + 9*d**2 - 5*d - 8. Suppose 11 = 2*c + 3*b - 13, 66 = 4*c - 3*b. Let m = -7 + c. List the prime factors of q(m).
2
Suppose 2*w + 4*b + 104 = 0, 6*b = b - 15. Let q be ((-306)/(-10))/((-3)/(-10)). Let v = q + w. List the prime factors of v.
2, 7
Suppose -15*j + 10*j = -850. Suppose 166*y + 1224 = j*y. What are the prime factors of y?
2, 3, 17
Let b = 10 + -7. Suppose 0 = b*y + 2*v - 5*v - 87, 23 = y - 4*v. What are the prime factors of y?
31
Let t(r) = -2*r**2 - 23*r - 66. Let q be t(-7). Let f(v) = 3 - 11*v - 4*v - 3*v. List the prime factors of f(q).
3, 19
Let a(x) = 28*x + 280. What are the prime factors of a(-8)?
2, 7
Let n(t) = t**3 + 12*t**2 + 2*t - 14. Let c(p) = -p**3 - 12*p**2 - 2*p + 15. Let d(m) = -5*c(m) - 6*n(m). List the prime factors of d(-12).
3, 11
Let n(w) = 169*w**2 + 16*w + 42. List the prime factors of n(-3).
3, 5, 101
Suppose 782 = 30*l - 28*l. List the prime factors of l.
17, 23
Let c = -20 - -24. Suppose c*y - 7 = -3*m, -m + 4*m + y = -5. Let g(z) = 4*z**2 + 1. List the prime factors of g(m).
37
Let b = 682 + -593. List the prime factors of b.
89
Let d(h) = 22*h**3 - h**2 + 10*h + 33. List the prime factors of d(5).
2, 3, 13
Suppose -b - 104 = -2*f, -b - 134 = 5*f - f. Let j = 202 + b. What are the prime factors of j?
2, 11
Let w be -1*4/4*-5. Suppose 11 = 5*l + 4*o - 8, -l - 2 = -w*o. Suppose -74 = -l*v - 5*s, 95 = 4*v + 4*s - s. What are the prime factors of v?
23
Let g(y) = 192*y**2 - 2*y + 5. Let a be g(2). Suppose 4*i - a = -m, 2 = -m - 1. What are the prime factors of i?
193
Let r = -5 + 7. Suppose h = r + 10. Suppose -h = -3*c - 0. List the prime factors of c.
2
Let n = 1469 + -671. List the prime factors of n.
2, 3, 7, 19
What are the prime factors of (-6*5853/24)/(123/(-164))?
1951
What are the prime factors of 3082/(-92)*(-2)/1?
67
Let u be (6/(-18))/(1/(-6)). Suppose 2*z = -u*z. Suppose z = a - 5*a + 144. What are the prime factors of a?
2, 3
Let n(z) = -8*z + 105. What are the prime factors of n(-5)?
5, 29
Let a(i) = -i**2 + 16*i - 13. Let u be a(8). Let x = 80 - u. What are the prime factors of x?
29
Let a = 2329 - 1501. Suppose 14*t = 11*t + a. List the prime factors of t.
2, 3, 23
Let b = 4 - 0. Suppose -5*n + 140 = 2*n. Let t = b + n. What are the prime factors of t?
2, 3
Let n(y) = -y**3 + 7*y**2 + 8. Let r(z) = -z + 2. Let u be r(-4). Let q be n(u). Suppose -q = j - 5*j. List the prime factors of j.
11
Let q = -6 + 12. Suppose -15 = -y - 2*m + q*m, -2*y + 3*m = -30. List the prime factors of y.
3, 5
Let u(r) be the third derivative of r**5/12 - 5*r**4/24 + r**3 + 2*r**2. List the prime factors of u(4).
2, 3, 11
Suppose 2*g + 3*m + 16 = 7*m, -31 = -3*g - 5*m. Suppose 0 = 4*w + 5*d + 63, w - 3*d + g*d = -27. Let b = w + 49. List the prime factors of b.
3
Let j(u) = u + 16. Let g be j(-13). Suppose 0 = y + g*y - 56. What are the prime factors of y?
2, 7
Let z(h) = 110*h - 230. List the prime factors of z(5).
2, 5
Let p be (-896)/18 + (-12)/54. Let j = p + -53. Let b = 149 + j. List the prime factors of b.
2, 23
Let r(k) = -8*k - 37. Let h be r(-12). Suppose c - h = 15. List the prime factors of c.
2, 37
Suppose 1843 + 957 = 4*b. Suppose 3*x - b = -t - 3*t, -2*t = 4*x - 350. Let f = -115 + t. What are the prime factors of f?
2, 3, 5
Suppose 20011 - 3753 = 22*t. List the prime factors of t.
739
Let q(t) = -2*t. Let h be q(-6). Let l = -5 + h. What are the prime factors of l?
7
Suppose 3*u = -0*u + r + 